 (-79 - -99 - (13 + 4 - 2)).
-51
What is the value of -99 + (47 - -14) - -101?
63
Calculate (16 - (-7 - 55)) + -133.
-55
Evaluate -15 + 7 + 72 + (22 - 54 - -25).
57
What is 30494 - 30535 - (0 + -119)?
78
(-13 + (10 - 23) - -16) + 39
29
Evaluate -316 + 188 - -136 - (2 - -13).
-7
Evaluate 0 + (-1 - -20) + (-23 + 6 - -6) + 5.
13
Calculate 0 + 12 + (50 - 46 - (26 + -9)) - 29.
-30
Evaluate (4 - (5 + -21)) + -12 - (52 + -3).
-41
Evaluate -63 - -77 - ((-3 + 2 - -35) + -3).
-17
Calculate -27 + -21 + 77 + -64.
-35
What is the value of 11 + (-8 - (22 + -14)) - -17?
12
Evaluate 27 - ((4 - 44) + 67).
0
What is the value of 2 - 78 - ((-132 - -165) + -55)?
-54
Evaluate 29 - (-7 + (3 - -2) - (-14 + (-18 - -22))).
21
(-67 - 3) + -5537 + 5496
-111
Evaluate (-581 - -688) + (10 - 10) + (-9 - 0) + 4.
102
Evaluate 47 - (-21 + (-57 - -118)).
7
(-1 - 15) + (-17 + (-72 - -41) - -108)
44
Evaluate 24 + -28 + 94 + -77.
13
Calculate (-2 - 49) + (1 - -6 - ((-29 - -67) + -32)).
-50
Evaluate -31 - (-30 - -4 - -11 - -15).
-31
Evaluate 9 + ((29 - 9) + -97 - 12).
-80
Calculate -111 + (58 - -2) + 25.
-26
What is the value of 0 - 0 - -32 - (10134 - 10090)?
-12
-27 - (29 + -40 + 95 + -24)
-87
12 + (-18 - -5 - -39) - (-2 - 1 - 3)
44
Calculate 8 + (-34 - -20) - (-29 - 2) - -4.
29
Calculate -10 + (-23 - -19) + 28 + 28.
42
146 + -119 - 24 - 26
-23
3 + (-80 - 0) + (2 - (41 - 46)) + -11
-81
Calculate -12 - ((13 - 18) + 20) - (-5 - (1 - 1)).
-22
Evaluate -52 + -17 + (-44 - -109).
-4
What is (33 - 55 - 22 - -31) + 73?
60
Calculate (-381 + 391 - (-6 + 2)) + 41.
55
What is (22 - 33) + (0 - 4) + -1 + -8?
-24
What is (10 - 4 - (-1 - -20 - (341 - 270))) + 16?
74
-98 + -1 + -19 + 2530 + -2516
-104
Calculate -38 + 61 + (32 - 27).
28
Evaluate (-34 - (28 - (146 - 33))) + 0 + -4.
47
What is (-2994 - -2912) + (2 - -36)?
-44
What is the value of (14 - -5) + -10 + 84 - (-1 + (10 - -1))?
83
Calculate 2 - 31 - ((35 - 42) + 35 - 29).
-28
(-57 - -95) + 8 + -13
33
What is the value of 13 - 7 - 18 - (38 - (17 + 1))?
-32
What is the value of 18 - 30 - (-5 + -2 - -9 - -5)?
-19
What is -43 + 3 - (26 + -22)?
-44
What is -154 + 2 - (-1559 + 1473)?
-66
What is -40 + 39 + (12 + (35 - -8) - (5 - 1))?
50
2 + 40 + (67 - 93)
16
Calculate 2 + -47 - (319 - 320).
-44
Evaluate -5 + (12 - 5) + -43 + -1419 + 1417.
-43
What is the value of 0 + (-3 - -18) + -5 + (-1 - 8) + -5?
-4
Calculate (31 - -9) + -19 + 21 + 2.
44
-280 - -196 - (-88 - -1)
3
Calculate (-10 - (-6 + (2 + -4 - -7))) + -19 + 0.
-28
What is the value of -10 + -3 + (-73 - (-111 - -62))?
-37
Evaluate 67 - 44 - (-16 - -34 - -3).
2
What is the value of -1293 + 1312 - ((42 - 4) + 3)?
-22
(0 - -11) + -22 + (-16 - -25) + -60
-62
What is -24 + 8 + -33 + 57?
8
What is the value of 1 + 177 + -55 + -151?
-28
-1 + -21 - (-35 + 22 - -5) - 85
-99
What is the value of (3 - 63) + (11 - (25 - 6)) + (6 - -14)?
-48
What is -39 - (42 + -51 + 10)?
-40
Evaluate (2 - (21 + -8)) + 14 + -2 + 15 + 103.
119
What is -6 + -80 + 77 + 49?
40
Evaluate 12 + -1 + -12 + (-2 - -12) + -13.
-4
What is the value of -27 - ((-174 - 44) + 105)?
86
Calculate 66 + -61 - (-38 + 1) - (4 + (6 - 11)).
43
Calculate (30 - -19 - -46) + (27 - -1).
123
(19 + -3 - 9) + 97 + -1 + 38 + -47
94
-4 + (52 - (5 - -34))
9
What is the value of (9 - 5) + 22 + 5 - (26 - 39)?
44
Calculate (1 - 28) + 5 + 5 - (9 - 46).
20
What is the value of (-1633 - -1673) + -2 + -35 + 3 + 74?
80
What is the value of -4 + (12 - -21) + 17 + 2?
48
Calculate -13533 - -13521 - (0 + (-3 - 1)).
-8
27 + (51 - 109) + 59
28
Calculate (-13 + -8 - (-4 + 34 + -31)) + 6.
-14
Evaluate 10 - ((11 - (-1 - -13) - (-12 + 1)) + -31).
31
Evaluate (37 + -31 - (2 + 5) - 49) + 9.
-41
What is the value of (33 - -3) + (5 - 21)?
20
What is 27 + 2 + 0 + (-14 + -2 - -27)?
40
Calculate -4 + 4 - (19 - 53) - -3.
37
42 + (-77 + 288 - 132)
121
-36 + 15 + -20 - -15
-26
-6 + (-1 - 0) + (14 - 32) + 67
42
Calculate (-262 - -254) + (23 + -7 - 11) + (28 - 1).
24
What is the value of -117 + (113 - 56) + 50?
-10
What is the value of 1 + (-9 - -19) + -40?
-29
17 - ((17 - 28) + 10) - -32
50
What is the value of 11 + -36 - 3 - (-92 + 28)?
36
Calculate 10 + (3 - 1) + (123 + -175 - (16 + 0)).
-56
What is -10740 + 10758 - (-5 + 0 + 1)?
22
Calculate (7 - 18 - -19) + (-3 - -6 - 19).
-8
-9 + (1 + 3 - (-14 + -3 - (1 - 22)))
-9
-141 - -173 - 64 - (-17 + 0)
-15
What is the value of 31 + -17 + (4 + -9 - (48 - 0))?
-39
Evaluate 31 + 69 + -131 + -18.
-49
-157 + (-60 - -106) + 177
66
-2 - -2 - (-3 - 0) - (-297 - -298)
2
-3 - 1 - -11 - (6 + -2 - (67 + -9))
61
Calculate -5 + (-3 - -66) + -19 + (-4 - (-23 - -2)).
56
Calculate -21 + (20 - (0 + -19 + 36)).
-18
Calculate 57 - (-47 + 11 + -5 + 77).
21
-12 + 94 + -72 + 17
27
Evaluate 18 + -18 - (4 - (-1 - 3)) - (27 + -42).
7
Calculate (-27 + 2 + -24 + 40 - 2) + -1 + 1.
-11
Calculate -88 + (3 - -1) - (-646 - -606).
-44
(41 - (10 + 198 + -16)) + 5
-146
What is the value of -8 - 2 - (44 - 38 - -47)?
-63
What is the value of (-20 - -3) + (-1170 - -1252)?
65
-103 - -85 - (3 - -14)
-35
What is the value of (-1 - -123) + -2 + -3 + (-79 - (-135 + 50))?
123
0 + -37 + (15 - (2 + 9) - (-21 + 22))
-34
What is the value of (23 - 47) + (-35 - 22)?
-81
6 - (51 - (80 + -18))
17
What is (-3 - (14 + (28 - 21))) + -30?
-54
Evaluate 11 + (-20 - (-3 - -38)).
-44
What is 24 + (-55 - -37) + 0 + -1?
5
What is -76 - (-1 + (8 - (-7 - 0)) - 17)?
-73
What is 1 - (1 + -6 + 14 + 7)?
-15
What is -23 + -52 + 86 + -28?
-17
What is the value of 17 - (3 - -78 - (-35 + (35 - -2)))?
-62
What is 3 - (48 + (33 - (34 + -13)))?
-57
What is (-29 - (1 - 3)) + 2089 + -2074?
-12
What is -4 + -31 - -28 - (1 + 2 + -51)?
41
Evaluate 3490 - 3562 - (-123 + -2).
53
Evaluate (-126 - -46) + (7 - 1) + 0 + -34 + 25.
-83
What is 67 + 5 + (35 + -3 - 24 - (1 - -19))?
60
Calculate (21 - 1) + (-52 - (-187 + 135)).
20
Calculate -26 + -1 + 64 + -44 + (-1 - 0).
-8
Evaluate -1 + (11 + -41 - -9).
-22
-5 - 0 - -67 - (2106 + -2139)
95
Calculate 5 + (1 - 41) + -38.
-73
74 + 57 + -117 - 46
-32
-53 + -5 + -55 + 85 - -25
-3
Evaluate -14 + 11 + 3 + 5 + -7 - 56 - 5.
-63
(108 - 45) + -117 + -3
-57
What is (81 - 0) + -15 + -71?
-5
Evaluate 8 + (-33 + 27 - (35 + 4 + 4)).
-41
310 + -301 + (4 - ((-2 - -2) + 4))
9
What is -3 + -1 - (-24 + -12 + -12 + -5)?
49
Evaluate (135 - 18 - 61) + -25.
31
-1 - -5 - ((-28 - (-49 - -12)) + -13) - 75
-67
Calculate 2 - (-30 + 11 + -5 + 37).
-11
What is the value of 1 + -18 - (9 + -109 + 114)?
-31
Calculate -11 - (-84 + 19) - 19.
35
Evaluate (-3 - (-17 + 18 + -37)) + -2.
31
Evaluate -77 - (-201 - -118) - (1 - 1).
6
What is 4 - (6 + -6) - (6 - 31)?
29
What is (1 - -2) + 19 + (-5 - (-82 - -186))?
-87
Calculate 57 - (-43 + (65 - 11)).
46
What is -19 + 7 + -4 + 2 - (10 + 19)?
-43
What is 6 - 17 - (-76 + 1 + 6 + 15 + -17)?
60
Evaluate 3 + (33 - (-7 + -10 + 12)).
41
What is the value of 74 + (-40 - 4 - -14)?
44
45 - (-37 + (8 - -57))
17
What is 113 - (-1 + -19 - (15 + (-17 - 5)))?
126
What is the value of -117 - (75 - 153 - -89)?
-128
What is the value of -68 - 0 - (26 + -65)?
-29
What is 2 + (5 - (20 - (28 - 7)) - (58 + 0))?
-50
What is -4 + -1 + -13 + 28 - 62?
-52
What is the value of (127 - (159 - -19)) + (1 - (-5 - 1))?
-44
Evaluate (-3 - 1) + -107 + 122 + -9 + -8 - -70.
64
Calculate (16 - (0 - 36 - -9)) + -123.
-80
4 + (-4 - (-15 + 7 - (5 - 9 - 2)))
2
(67 - 33) + (273 - 164)
143
Evaluate 43 - 0 - (-217 - -101 - -116).
43
What is -66 + (-18 - (-17 + (24 - 29)))?
-62
What is the value of 9 + 1 - ((-12 - 25) + 45)?
2
Calculate (-205 - -170) + (-52 - 0) - -18.
-69
Evaluate -32 + (36 - 49) + 43.
-2
41 - (2 + 20 + -12 - -6)
25
(-22 - (21 - (17 + (5 - -19)))) + -127
-129
What is the value of -11 + (-2 - (82 - (15 - (4 - -10))))?
-94
42 + -27 - (-41 + 34)
22
Calculate -3 + -7 + 6 + 41 - (4 + -1 + 1).
33
Calculate (-9 - -3) + (-18 - -16) + -6 - -5.
-9
-10 + (-3 - 1) + 5 + -7 + -12
-28
Calculate 34 + -61 - (-18 - -15 - (0 + -17)).
-41
What is 4 + 124 + -5 - (-10 - -24 - (-47 - -48))?
110
Evaluate 25 + -1 + -36 + -6 - 23.
-41
Evaluate -26 + -27 + (11 - 8) + -3 + 14.
-39
Calculate 10 + (-26 - (18 + -18)) + 34.
18
Calculate -15 + 4 - (-19 - -1 - (-61 + 44)).
-10
What is the value of -13 - (2 - 26 - (7 - 11 - 4)) - 53?
-50
What is the value of 4 - 31 - (-78 - -73)?
-22
(2 - 28) + (1 + -3 - (-1 - -5))
-32
-19 + 